 Suppose 38 - h = 4*p. What is the units digit of p?
9
Let m = -468 - -906. What is the tens digit of m?
3
Suppose 3*n + 39 = -0*n. What is the units digit of 13/n - (0 + -12)?
1
Let k = -84 + 143. Suppose -7 = -3*b + k. What is the tens digit of b?
2
Let s(m) = -m**3 - 5*m**2 + m + 6. Let x be s(-5). What is the units digit of (x - 2) + -1 + 26?
4
Let y be (-21)/(-4) - (-1)/(-4). Suppose y*s = 11 - 1. What is the units digit of s?
2
Suppose -2*s + 4 = -0. Let f(z) = -z**2 + 5*z + 2. Let j be f(4). Suppose 36 = j*r - s*r. What is the units digit of r?
9
Let q be (-373)/(-7) + (-6)/21. Let p = q + -30. Suppose 0 = -2*t + p - 3. What is the units digit of t?
0
Let c be (3 - 22/6)*-3. Suppose 3*g = -c*g - 85. Let a = g - -29. What is the units digit of a?
2
Let r(d) = -d**3 - 3*d**2 - 2*d + 2. Let u be r(-2). Let j = 6 + u. Suppose -2*b = -b - j. What is the units digit of b?
8
Suppose -4*n + 2*t + 21 = 3*t, 4*t - 28 = -2*n. What is the units digit of n?
4
Suppose 3*c - 2 = 4*c. Suppose -m + 1 + 2 = 0. Let w = m + c. What is the units digit of w?
1
Suppose -5*a + 12 = 5*j - 3, -15 = -j - 5*a. Suppose j*x + 3*q - 9 = -2*x, 2*x = -4*q + 4. What is the units digit of x?
2
Let f(v) = 2*v**2 + 2*v + 1. Let y(s) = 2*s**3 + 2*s**2 + s. Let w be -1 - -2 - (-1 - -3). Let k be y(w). What is the units digit of f(k)?
1
Suppose -4*q + 9*q = 185. Suppose 4*z - 31 = -3*a, -5*a + 3*z - 6*z = -q. Let j(p) = p**3 - 5*p**2 + 3. What is the units digit of j(a)?
3
Suppose 0 = -u - 0*u. Suppose -5*c + 34 + 21 = u. What is the units digit of c?
1
Let a(c) = 9*c**3 + c**2 - 5*c + 2. What is the tens digit of a(2)?
6
Let n be -2 - ((-1)/(-1) - 1). Let r(t) = t**3 - 6*t**2 + 6*t - 5. Let s be r(5). What is the units digit of 2 - (-7 - n - s)?
7
Suppose 11*g = 1376 - 386. What is the tens digit of g?
9
Let y(q) = q. Suppose -4*p + 8 = 0, 4*x + 0*x - 3*p = 2. Let m be 10/x + 3 + -1. What is the units digit of y(m)?
7
Let w(f) = -2*f**3 + 3*f**2 + f - 2. Let g be w(2). Let z be (4 + -6)/(g/(-6)). Let k = z - -5. What is the units digit of k?
2
Let m(u) = -u**3 + 2*u**2 + 2*u - 3. Let p be m(2). Let k be p/(1 - 0)*1. Suppose -v + 4*f - 2 = -k, -3*f = -12. What is the units digit of v?
5
Suppose 4*n = 2*w - 78 - 100, 0 = -n + 4. What is the units digit of w?
7
What is the units digit of (2934/(-36))/(1/(-4))?
6
Let t(p) = p**3 + 4*p**2 + 4*p + 2. Let q be t(-2). Suppose y + 2 = 2*a + 11, q*y + 4*a = 10. What is the units digit of y?
7
Let v(z) = z + 3 - 3 + 2 + 4*z**2 - 3*z**2. What is the units digit of v(2)?
8
Let r(b) = -b**3 + 4*b**2 - 2*b - 2. Let w be r(2). Suppose -q = -w - 1. What is the units digit of q?
3
Let r(w) = 2*w**2 - 7*w + 6. What is the tens digit of r(6)?
3
Suppose 0 = 3*a - a + 12. Let l be -15*(4/a - 0). Let c = l - 6. What is the units digit of c?
4
Let d be 1/((-9)/12 + 1). Let o = 2 - d. What is the units digit of ((-2)/(-3))/(o/(-3))?
1
Suppose -3*f - 6*v = -4*v + 10, f = 4*v + 20. Suppose 5*k - 9 = -3*t + 34, 5*t - k - 25 = f. What is the units digit of t?
6
Suppose 5*b - j = 20, 4*j - 5 = 2*b - 13. Suppose 9*m - 30 = b*m. Suppose c - 17 = -m*v + 3*v, 3*v - 2*c = 20. What is the units digit of v?
6
Suppose -6 + 21 = 5*p. Suppose -4*z = -p*z - 19. What is the units digit of z?
9
Let z be 64 + (-1)/((-5)/20). Let y be 3 + 1/(-1) + 1. Suppose 0 = -5*n + z - y. What is the units digit of n?
3
Suppose -i - 2*b + 53 = 0, -5*i + 255 + 80 = -4*b. What is the units digit of i?
3
Suppose 4*n - 113 = 3*t, -4*n - t + 117 = -0*t. What is the tens digit of n?
2
Let s = 4 - 3. Let g(l) = 11*l + 1. Let n be g(s). Suppose 5*v - 13 = n. What is the units digit of v?
5
Suppose -4*d + 6*d = 8. Suppose -2*s + 4 = -s. What is the units digit of ((-6)/d)/((-2)/s)?
3
What is the tens digit of 4/16 + 390/8?
4
Let i(p) = -11*p + 3. What is the tens digit of i(-5)?
5
Let m(n) = -n - 1. Let g be 22/(-5) + (-4)/(-10). Let h be m(g). Suppose -2*x = -5*y + 6, -h*x - 2*y = -8*x + 6. What is the units digit of x?
2
Let p(u) = -u - 1. Let h be p(4). Let z(d) = d**2 - d + 11. What is the units digit of z(h)?
1
Let p be -3 - (-2)/(-4)*-4. Let t be (1*p)/(6/(-24)). Suppose -2*r + 12 = -t. What is the units digit of r?
8
Let s(m) = 2*m**3 - 4*m**2 + 2*m - 13. What is the units digit of s(4)?
9
Let w = -5 + 9. What is the tens digit of w/1*(-45)/(-12)?
1
Suppose 0*p = 5*p - 210. What is the tens digit of p?
4
Let u = 33 + -15. What is the tens digit of u?
1
Let p(h) = -h - 3. Let z be p(4). Let g be (-3)/(3/z) - 2. Suppose g*t - t = 12. What is the units digit of t?
3
Let g be (-2 + 0)*1*-2. Suppose -g*f - 21 = -5*o, 5*o - 6*f - 25 = -f. What is the units digit of o?
1
Suppose -7*o = -9*o + 88. What is the units digit of o?
4
Let m(n) be the third derivative of n**5/60 - n**4/8 + n**3/3 + n**2. Let x be m(2). Suppose x*t + 5*t = 50. What is the units digit of t?
0
Let m = -1 + 0. Let v be m/3 + 20/6. Suppose 7 = c + 5*x, -5*c - v*x + x + 35 = 0. What is the units digit of c?
7
Suppose -c = -9*c + 344. What is the tens digit of c?
4
Let f = 43 - 18. What is the tens digit of f?
2
Let q be 11 + -6 - (4 + -1). Suppose -37 = -q*m + m. What is the tens digit of m?
3
Let j(w) be the third derivative of -w**4/24 - 7*w**3/6 + 2*w**2. What is the units digit of j(-10)?
3
Let j(i) = -8*i - 1. Let t be j(-2). Let w be (6 + -1)*(-6)/t. Let z = -1 - w. What is the units digit of z?
1
Suppose 12*i = 13*i - 66. What is the units digit of i?
6
Suppose 0 = 2*u - 3*u + 3. Suppose -18 = -s - 2*s - 4*j, u*j - 9 = 0. What is the units digit of s?
2
Suppose 39 = 2*u - u. Let a = u - 28. What is the units digit of a?
1
Let n(m) = -5*m - 4. Let t be 4/(-10) - (-36)/(-10). What is the units digit of n(t)?
6
Let v be (-4)/(-8) + (-9)/(-2). Let d(k) = k**2 + k + 13. Let q be d(0). Let z = q - v. What is the units digit of z?
8
Let u(t) = t + 3. Let r be u(-5). Let w = 0 - r. What is the units digit of w?
2
Let u = -220 + 388. What is the units digit of u?
8
Let y(j) = -2*j**2 + 7*j**2 - 3*j**2 - 3 + 2 + 6*j. Let a = -7 - -2. What is the units digit of y(a)?
9
Let r = 11 - 5. What is the tens digit of 3/((3 - r)/(-15))?
1
What is the tens digit of (-1)/6 + 181/6?
3
Suppose -11*x + 7*x + 16 = 0. Let a(y) = 5*y + 2. Let k be a(2). Suppose x*z + 0*z = k. What is the units digit of z?
3
Let k(f) = f**2 - 3*f - 4. Let r be k(5). Let j be (10*1)/(r/3). Suppose 0 = w - j + 2. What is the units digit of w?
3
Let v = -51 + 95. What is the units digit of (-222)/(-8) + (-33)/v?
7
Suppose -2*x + 5 + 1 = 0. Let p be (-28)/(-6) - (-1)/x. Suppose w + 65 = p*l + 23, 0 = w + 2. What is the units digit of l?
8
Let s(c) = -c - 2. Suppose -3*l + 23 = -5*l + 3*h, 5*h = -l + 21. What is the units digit of s(l)?
2
Suppose 3*o + 3 = -5*f + 16, -4*f + 24 = -o. Suppose -2*q = -2*b + 2, q = f*b + 6*q + 5. What is the units digit of -1 - b - -1 - -8?
8
Let p(f) = -2*f - 5. Let o be p(-4). Let i = -15 - -13. Let u = o - i. What is the units digit of u?
5
Let g be (-6)/((-1)/2*3). Suppose -3*k + 0*h = -h, -4*k + g*h = 0. What is the units digit of (k - -1)/(1/3)?
3
What is the tens digit of 42 - -8 - (-6)/(-2)?
4
What is the units digit of 24/2*30/12?
0
Suppose 5*q = -15, 48 = 3*w - 0*w - 4*q. Let b = w - -1. What is the units digit of b?
3
Let i(k) = -k + 38. What is the tens digit of i(0)?
3
Suppose 0*w - 3 = -w. Suppose -2*l = w - 79. Suppose -4*q + 31 = h + 2, 4*q - l = 2*h. What is the units digit of q?
8
Let p be (-1 + -2)*(-2)/(-3). What is the units digit of (p - (-2)/2)*-7?
7
Suppose -4*o = 7 - 83. What is the tens digit of o?
1
Let p = -6 + 8. Suppose k - 2*k = -p. What is the units digit of k?
2
Let r(c) = c**2. Let o be r(0). What is the tens digit of (3 - 0 - -15) + o?
1
Let j = -64 + 92. What is the units digit of j?
8
Let m(f) = 6*f**2 - 13*f. What is the units digit of m(-3)?
3
Suppose 0 = -j + 4*r + 3, 0*r + 3*r = -6. Let o be ((-8)/5)/(2/j). Suppose 0 = -2*u - 2 + o. What is the units digit of u?
1
Suppose -3*r - 2*k + 58 = -2*r, -5*k = 5*r - 285. What is the tens digit of r?
5
Let w be (-3)/6*(9 + 1). Let l be (3/1 + -2)*w. Let d = l + 10. What is the units digit of d?
5
Let u(a) be the second derivative of a**4/12 - 5*a**3/6 + 2*a**2 + 3*a. Let n be u(6). Let r = 16 - n. What is the units digit of r?
6
Let n = -13 + 7. L